0611 a prime number?
False
Is 32934133 a prime number?
True
Is 56003537 prime?
True
Is 6001157 a prime number?
True
Is 12206081 prime?
True
Is 1319809 a prime number?
False
Is 170615891 a prime number?
True
Is 8820613 a composite number?
True
Is 8293573 a composite number?
True
Is 55482469 prime?
False
Is 4067529 composite?
True
Is 20173919 composite?
False
Is 26494981 composite?
True
Is 464617 a prime number?
True
Is 36796513 composite?
True
Is 19532899 prime?
True
Is 180816917 prime?
False
Is 2485759 prime?
True
Is 9515323 prime?
True
Is 3476453 composite?
False
Is 556733183 a prime number?
False
Is 10715879 prime?
False
Is 249065653 a composite number?
True
Is 16349137 prime?
False
Is 20146513 composite?
True
Is 120220309 composite?
True
Is 37886899 a composite number?
True
Is 9434401 prime?
True
Is 4353833 a composite number?
True
Is 1475387 composite?
False
Is 131797459 a composite number?
True
Is 322421901 a prime number?
False
Is 1532887 composite?
False
Is 78485659 prime?
False
Is 139349209 composite?
True
Is 475457561 a prime number?
True
Is 17964341 a prime number?
True
Is 4586149 prime?
True
Is 71540899 prime?
False
Is 79619921 prime?
True
Is 4869209 composite?
False
Is 30329843 a composite number?
True
Is 73465459 composite?
False
Is 29034521 a composite number?
True
Is 570533087 prime?
False
Is 4133743 composite?
True
Is 92424029 a composite number?
False
Is 3141569 a composite number?
False
Is 12819773 a prime number?
True
Is 3334297 a composite number?
False
Is 24241177 prime?
False
Is 1493249 prime?
True
Is 13313337 a prime number?
False
Is 15870551 composite?
False
Is 33333419 a composite number?
True
Is 2377798 composite?
True
Is 14706259 composite?
False
Is 3590137 prime?
True
Is 67171 a composite number?
True
Is 366504973 prime?
True
Is 16646521 composite?
False
Is 8725657 a composite number?
False
Is 7286549 a composite number?
True
Is 267079093 prime?
True
Is 121139 prime?
True
Is 15171521 a prime number?
True
Is 5659399 prime?
True
Is 53530417 a composite number?
False
Is 1742924507 a composite number?
True
Is 6397847 composite?
True
Is 18344945 prime?
False
Is 92316121 composite?
True
Is 2026919 composite?
False
Is 79779981 a composite number?
True
Is 12173181 composite?
True
Is 32046647 a composite number?
True
Is 704477 a composite number?
False
Is 333913403 a prime number?
True
Is 2183317 composite?
True
Is 62953307 composite?
False
Is 146900923 composite?
True
Is 173449 composite?
True
Is 5703583 a prime number?
True
Is 25605539 a prime number?
True
Is 880021 composite?
False
Is 2918207 composite?
False
Is 336318459 composite?
True
Is 54082663 prime?
False
Is 31025111 a composite number?
True
Is 2094142159 a prime number?
True
Is 138829538 composite?
True
Is 3955243 composite?
False
Is 124955827 composite?
False
Is 2441143 a prime number?
True
Is 22034557 composite?
False
Is 350687621 prime?
False
Is 184339 composite?
True
Is 76728541 prime?
True
Is 128747 a composite number?
False
Is 1608007 a prime number?
True
Is 107396657 a prime number?
False
Is 423501319 prime?
True
Is 58952069 prime?
False
Is 211976101 composite?
True
Is 134746123 prime?
True
Is 262224199 a prime number?
True
Is 440437 a composite number?
True
Is 20858251 a prime number?
True
Is 87551 prime?
False
Is 1944967 prime?
False
Is 1475251 a prime number?
True
Is 61894823 a composite number?
False
Is 4075109 composite?
True
Is 4247647 a composite number?
True
Is 10445923 a prime number?
False
Is 11665369 composite?
True
Is 3497651 composite?
True
Is 3107 a composite number?
True
Is 28298911 composite?
True
Is 23914909 a composite number?
True
Is 1479375071 composite?
True
Is 14827483 prime?
False
Is 83621431 a composite number?
False
Is 3036137 prime?
False
Is 5840699 composite?
False
Is 17232693 prime?
False
Is 23300347 a prime number?
False
Is 3986071 a composite number?
True
Is 2796611 prime?
True
Is 22705649 composite?
False
Is 6915683 a composite number?
False
Is 4341853 a composite number?
False
Is 168423361 composite?
False
Is 179789 composite?
True
Is 22315573 a prime number?
False
Is 2429693 composite?
True
Is 4627121 prime?
True
Is 2274607 a prime number?
False
Is 370837 composite?
False
Is 43489454 composite?
True
Is 19747067 prime?
True
Is 165515849 a prime number?
True
Is 82595663 composite?
False
Is 59441518 composite?
True
Is 223494529 composite?
True
Is 833947 composite?
False
Is 35739563 prime?
True
Is 162401654 a prime number?
False
Is 107529787 a prime number?
True
Is 69219833 a composite number?
False
Is 8247061 composite?
True
Is 770683 a composite number?
True
Is 166128263 prime?
False
Is 5713007 a prime number?
True
Is 364797671 composite?
True
Is 1465769 a composite number?
True
Is 357730355 prime?
False
Is 3058453 prime?
False
Is 148893959 composite?
False
Is 19268833 prime?
False
Is 3473537 composite?
False
Is 144426209 prime?
True
Is 6528541 a composite number?
False
Is 2800195 composite?
True
Is 8387369 a prime number?
True
Is 4557515 a composite number?
True
Is 20652553 a prime number?
False
Is 53138639 a composite number?
True
Is 5850527 prime?
True
Is 128977829 a composite number?
False
Is 621315847 composite?
True
Is 19165 composite?
True
Is 129921485 a composite number?
True
Is 6423401 prime?
True
Is 2064929 a composite number?
False
Is 923353 a prime number?
False
Is 380529971 prime?
True
Is 387211795 a composite number?
True
Is 1033196381 a prime number?
False
Is 31642759 prime?
True
Is 3163865 a prime number?
False
Is 71868889 a prime number?
True
Is 35886671 prime?
False
Is 2373107 a composite number?
True
Is 4297199 composite?
False
Is 230626063 a prime number?
False
Is 62991559 prime?
True
Is 5821637 prime?
True
Is 1580167 a composite number?
True
Is 31090399 prime?
False
Is 14465549 a composite number?
True
Is 43455253 composite?
True
Is 5499859 a composite number?
True
Is 1770217 a prime number?
True
Is 3101269 prime?
False
Is 179949353 prime?
False
Is 218126 composite?
True
Is 334503479 prime?
True
Is 285457037 composite?
True
Is 2925539 a composite number?
False
Is 729639947 a composite number?
False
Is 519390239 a composite number?
True
Is 411167 prime?
True
Is 17379907 composite?
False
Is 1023797 prime?
False
Is 104303 a prime number?
False
Is 11386273 a composite number?
True
Is 32703499 prime?
True
Is 113733593 a composite number?
False
Is 423173 a composite number?
False
Is 412493641 a composite number?
True
Is 46355839 a prime number?
False
Is 137646037 a prime number?
True
Is 278903 a prime number?
True
Is 1951461829 composite?
False
Is 7755415 prime?
False
Is 636718319 composite?
False
Is 250277 a prime number?
False
Is 4619203 prime?
True
Is 104300593 composite?
True
Is 17123449 a composite number?
True
Is 2279191 a composite number?
True
Is 153922463 a prime number?
False
Is 319809163 a composite number?
False
Is 1011037 a prime number?
True
Is 318427 a composite number?
True
Is 473702809 a composite number?
True
Is 104422657 composite?
True
Is 374480489 prime?
True
Is 35739833 a prime number?
False
Is 5717489 composite?
False
Is 5615261 a composite number?
False
Is 1793761 composite?
False
Is 274643767 a composite number?
False
Is 11863859 prime?
False
Is 949451 prime?
True
Is 2950903 composite?
False
Is 3608357 a composite number?
False
Is 5044309 a composite number?
True
Is 94598821 a prime number?
True
Is 31159103 prime?
True
Is 3269339 composite?
False
Is 55131707 composite?
True
Is 124407197 composite?
False
Is 374086721 a composite number?
False
Is 148913 a prime number?
True
Is 925014919 a composite number?
True
Is 8797709 a composite number?
False
Is 90388117 composite?
False
Is 17781851 prime?
False
Is 21565667 a composite number?
False
Is 5032497 a composite number?
True
Is 1124103 a composite number?
True
Is 5983637 composite?
True
Is 88462021 a prime number?
False
Is 153733079 prime?
True
Is 1430759 prime?
False
Is 3720083 a prime number?
False
Is 548047 composite?
True
Is 421474889 a composite number?
True
Is 4998961 composite?
True
Is 29683627 a prime number?
True
Is 4256897 a prime number?
True
Is 3836566 a prime number?
False
Is 487173173 a prime number?
True
Is 7358581 a composite number?
False
Is 243754127 a prime number?
False
Is 1295491 a prime number?
True
Is 6518341 a pr